he prime factors of a(-1)?
2, 11
Suppose 0 = -5*k + 2*k + 72. Suppose 4*q - k = q. What are the prime factors of q?
2
Let a = 37 - -38. Let x be (-2)/(-4) + 49/2. Suppose -5*i - x = -a. What are the prime factors of i?
2, 5
Suppose 9 = 4*n - 3. Suppose n*v = 6*v. Let m(q) = -q + 8. List the prime factors of m(v).
2
Suppose 0 = -4*a - 4 - 12. Let k = a + 29. List the prime factors of k.
5
Suppose -h + 0*h = -3. What are the prime factors of h?
3
Let p be (-1)/(-2)*4*1. Suppose -5*f = 5, p*j + j - f = 91. List the prime factors of j.
2, 3, 5
Let v = 7 + -4. Suppose -2*o + 100 = v*h + 8, -h = -2*o - 28. Suppose -h = -4*m + 14. List the prime factors of m.
11
Let k(i) = -i + 3 - 7 - 3 + 1. Let w be k(-9). What are the prime factors of -1 + w + -2 - -5?
5
Suppose 0*p = -2*p + 22. What are the prime factors of p?
11
Suppose 5*q - 2*q = 0. Let s = q + 10. Suppose 4*b = 22 - s. What are the prime factors of b?
3
Let x(m) = -4*m**2 - 12*m - 2. Let o(u) = -3*u**2 - 11*u - 2. Suppose 3 = -h + 1. Let r(n) = h*x(n) + 3*o(n). What are the prime factors of r(-7)?
2, 3
Let g(r) = -10*r + 1. Let j be g(-1). Suppose -2*n = 3*d - j, 13 + 4 = d - 2*n. List the prime factors of d.
7
Suppose 0*x + 16 = 3*n + 4*x, 3*n - 4*x - 56 = 0. What are the prime factors of n?
2, 3
Suppose 2*z + 3*s - 185 = 0, -3*s = 5*z - 2*s - 430. Suppose -b = 3*m - z, -69 = -3*m - 0*b + 3*b. What are the prime factors of m?
3
Let g = 92 - 56. What are the prime factors of g?
2, 3
Suppose 0*z - 5*z = 0. Suppose 2*k - k - 22 = z. Let x = k + -4. List the prime factors of x.
2, 3
Let o(c) = 5*c**2 + 2*c + 8. List the prime factors of o(-4).
2, 5
List the prime factors of 20 - ((-3)/(-3) - -1).
2, 3
Let d = 2 - -21. List the prime factors of d.
23
Let v(r) = 3*r**2 - 4*r - 10. What are the prime factors of v(-6)?
2, 61
Suppose 27*u + 59 = 28*u. List the prime factors of u.
59
Let c(x) = -77*x**3 - x**2 - x - 1. What are the prime factors of c(-1)?
2, 19
Suppose 0 = y + h - 19, 34 = -5*y + 5*h + 99. Let d be 56/21*(1 - 4). Let n = y + d. List the prime factors of n.
2
Suppose 0 = -4*z + 4*u + 84, -3*z - 25 = -2*u - 88. Suppose z = 2*a + 1. List the prime factors of a.
2, 5
Suppose 0 = -z + 111 + 99. List the prime factors of z.
2, 3, 5, 7
Let j be 14 + 0/(-3) - -1. Suppose 2*p - j = -3*z + 54, 5*p - 170 = -5*z. List the prime factors of p.
3, 11
Let k = -7 - -22. Let j = -49 + 77. Let u = j - k. List the prime factors of u.
13
Let h(l) = 3*l**2 - 2*l - 5. Let p be h(-4). Suppose -60 = -3*d + t + 41, d + 4*t - p = 0. Let n = d - 22. List the prime factors of n.
13
Let l be 3/2*22/(-33). List the prime factors of 5 + (3 - 2)*l.
2
Suppose 0 = 3*f + 2*f - 10. Suppose -18 = 4*i - 2*p, f*i - i + 9 = 2*p. What are the prime factors of -22*(-2)/4 - i?
2, 7
Let a(u) = -5*u**3. Let y(t) = t + 5. Let c be y(-4). Suppose m + 3*p - p + c = 0, -2*p = 0. What are the prime factors of a(m)?
5
Suppose 5*w + 0*w - 4*i = 171, -w = -3*i - 43. Let o = 43 - w. List the prime factors of -1 + (-2)/(-2) + o.
2, 3
Let a = 388 - 275. Suppose a = 5*n - 47. What are the prime factors of n?
2
What are the prime factors of (-324)/(-8 + 4) - 1?
2, 5
List the prime factors of 3*(-2)/(-2) + (76 - -6).
5, 17
Suppose -6*d - 6 = -3*d, h + 8 = -5*d. Suppose 3 = 3*w - h*w. List the prime factors of w.
3
Suppose -3*g - 57 = -6*g. Suppose n - a = 15, a - 17 = -2*n + g. List the prime factors of n.
17
Let i = -16 - -33. Suppose i + 7 = 2*d. Suppose 5*q = q + d. What are the prime factors of q?
3
Let q(z) = z + 8. Suppose 4*c - 5*h + 2 = 6*c, c = -4*h + 4. Let i be q(c). Suppose 3*r = -2*x - i + 41, -4*x = 3*r - 59. List the prime factors of x.
11
Suppose -2*p = 5*w + 61, -w - 37 = 2*p + 44. What are the prime factors of 1/4 + p/(-4)?
11
Let w = 124 + -67. What are the prime factors of w?
3, 19
Let t(l) = -l**3 - 3*l**2 - 3*l. Let r be t(-2). Suppose -5*x - c + r = -6, 2*x + 4 = -4*c. List the prime factors of x.
2
Suppose 0 = -3*d - 2*d - r - 13, 0 = 3*r + 9. What are the prime factors of 24/d*(-2)/3?
2
Suppose -10*j + 666 = -j. What are the prime factors of j?
2, 37
Suppose 0*z = 3*z - 6. Suppose -z*o - 14 = -4*o. What are the prime factors of o?
7
Let q be (-4)/1*45/(-36). Suppose -25 = -q*n, r - 34 = -0*n - 4*n. List the prime factors of r.
2, 7
What are the prime factors of (-4)/10 + (-336)/(-40)?
2
Let b(m) = 3 + m + 2*m - 4*m. Let w = -12 + 5. List the prime factors of b(w).
2, 5
Let l(a) = a**2 - 8*a - 5. Let c be l(8). Suppose -22 = 2*y - 3*y + 4*j, 2*y + 5*j = -8. Let s = y - c. List the prime factors of s.
11
Suppose -l + 4*x - 7 = 0, -l - x + 13 = l. Suppose 4*i - 34 = -l*v, 3*v + i = v + 16. Let g(p) = p**2 - 9*p - 2. List the prime factors of g(v).
2
Let w = -11 + 40. What are the prime factors of w?
29
Suppose -6 = -2*v - 0*v. Suppose 0 = v*y - 0*y - 36. List the prime factors of y.
2, 3
What are the prime factors of 84 + (0 - (-4)/(12/(-9)))?
3
Let x = 5 - 2. Let p be 3 + (-1 + x)*1. List the prime factors of p*2/(-6)*-3.
5
Let m(k) = k**3 - k + 4. Let i be m(-3). List the prime factors of (-36)/15*i/6.
2
Let i = 8 - 11. Let p = 16 + i. List the prime factors of p.
13
Let n(x) be the first derivative of x**4/4 - 5*x**3/3 + x**2 + 2. Let d be n(5). List the prime factors of ((-4)/5)/((-1)/d).
2
Suppose -3*k + 8*k = 20. Let t = 6 - k. What are the prime factors of t?
2
Suppose -5*z + 33 = 2*j, 32 = 2*j + z + 3*z. Let f = j - 7. What are the prime factors of f?
7
Suppose 5*a - 33 = -w - 0*a, 3*w = -5*a + 69. List the prime factors of w/4 + 4/8.
5
Suppose -4*t + 24 + 144 = 0. Suppose 0 = -4*s - 0*s + 8, 3*k - 3*s = t. List the prime factors of k.
2
What are the prime factors of 1/(-5)*0 + 29?
29
Let j = -12 + 4. What are the prime factors of (j - -11)*3*3?
3
Let f be (-1 + (2 - 1))*-1. Suppose f = 2*g - 18 - 36. What are the prime factors of g?
3
Suppose 3 = t - 2. Suppose t*u - 35 = -5*w, u + u = -w + 14. List the prime factors of u.
7
Let u(m) = -m**3 + 5*m**2 + 4*m - 7. List the prime factors of u(5).
13
Let b(o) = 6*o**3 - o**2 - 2*o - 7. What are the prime factors of b(3)?
2, 5, 7
Let r(l) = 3*l**2 - 7*l - 5. List the prime factors of r(8).
131
What are the prime factors of ((-30)/(-1))/(3/(-10)*-5)?
2, 5
Suppose -y + 12 = -6. Suppose y = 5*x - 2. Suppose -26 = -x*z - 10. What are the prime factors of z?
2
Suppose 0 = 5*g + 3*v - 345, 0*v - 149 = -2*g + v. What are the prime factors of g?
2, 3
Let u be (5 - 1)*(3 + -2). Suppose t + u = 3*a - 19, -5*t = 3*a + 7. What are the prime factors of a?
2, 3
List the prime factors of (-2)/5 - (-1326)/15.
2, 11
Let o = 8 + -28. Let l = 28 + o. What are the prime factors of l?
2
Suppose -l - 2*g = -6*l + 5, 5*l - 4*g = 15. Suppose 0 = 3*f - 5 - 13. Let o = f + l. List the prime factors of o.
5
Let a = -10 - -1. What are the prime factors of (-4)/6 - 132/a?
2, 7
Let q = -43 + 72. List the prime factors of q.
29
Suppose d - 18 = k, 5*d - 41 - 35 = -2*k. Suppose -5*q = -3*q - 46. Let l = q - d. List the prime factors of l.
7
Let x = 117 + -81. Suppose -3*s + x + 42 = 2*f, 4*f - 108 = -4*s. What are the prime factors of s?
2, 3
Let f be 2/6*(-4 - -7). Suppose f + 2 = 3*u. List the prime factors of u - (1 + 9)*-1.
11
Let c(h) = h + 76. What are the prime factors of c(23)?
3, 11
Suppose -3*r - 1 = -7. Suppose r*m - 14 = m. List the prime factors of m.
2, 7
Suppose 5*j = -8 + 28. Suppose j*p - 9*p = 2*v + 2, -3*p = v + 1. Suppose -5*u + 3*u + 36 = p. What are the prime factors of u?
2, 3
Let n(z) = -5*z**3 - 2*z**2 - z + 1. Let l be n(1). Let f = 31 - l. List the prime factors of f.
2, 19
Let t = -7 - -3. Let z = t + -5. Let r = z + 15. List the prime factors of r.
2, 3
Let z(g) = -5*g**2 - 7*g + 6. Let o(t) = 4*t**2 + 6*t - 5. Let d(q) = -4*o(q) - 3*z(q). Let f be d(-3). Suppose 0 = 2*j + f*j - 32. List the prime factors of j.
2
Let t(s) = -s**3 - 5*s**2 - 5*s. Let y be t(-6). Let v = y - 46. Suppose i + i = v. What are the prime factors of i?
2, 5
Let c = 22 + -25. List the prime factors of (c - -99)*1/3.
2
Let p = 6 + -2. Let a(n) = 5*n**3 + 4 - 3*n**2 + 2 - 2*n**3 + 3*n - p*n**3. What are the prime factors of a(-4)?
2, 5
Let a = -6 - -5. List the prime factors of a - (-6 + 0 + 2).
3
Suppose -5*w = -4*a + 138, -5*a + 96 + 18 = -4*w. Let p = -14 - w. What are the prime factors of p